2, 47
Let t(i) = -i**3 - 8*i**2 + 10*i + 13. What are the prime factors of t(-9)?
2
Suppose -18*h + h + 2975 = 0. What are the prime factors of h?
5, 7
Let b = -14 + 16. Suppose -3*k + 7 = 4*u, -k - 3 = -3*u - 1. List the prime factors of 13/b - k/2.
2, 3
Let x(j) = 0*j**2 + 2*j**3 + 6*j - j**2 + 8*j**2. Let g be x(-4). Let v = -29 - g. List the prime factors of v.
11
Let b be ((-2)/4)/(2/(-8)). Suppose -2*h - b + 10 = 0. What are the prime factors of h?
2
Suppose 30 = 4*t - t. Suppose 4*u - 56 = 2*d - t, 0 = u + 2*d - 14. List the prime factors of u.
2, 3
Suppose r + t - 34 = 0, -12 = r + 4*t - 49. Suppose 2*o - r = -2*o - p, 9 = -3*p. List the prime factors of o.
3
Let f = -41 - -98. Let k be (f - 0) + -1 + -1. Suppose -5*t + k = -0*t. What are the prime factors of t?
11
List the prime factors of (-43)/2*(-2 + 0)/1.
43
Let k(o) = -26*o + 6. Let y be k(-5). Suppose -5*i + y = -59. What are the prime factors of i?
3, 13
Suppose -4*r - 16 = -0*r, r = -2*d + 36. List the prime factors of d.
2, 5
Let l = 5 + -2. Let t(k) = 2 + 4 + 1 + 2*k - l. List the prime factors of t(3).
2, 5
Let f be -12 - (3*-3)/(-3). What are the prime factors of f/25 - 106/(-10)?
2, 5
Suppose 4*o = o - 39. Let t = o - -25. List the prime factors of t.
2, 3
Let o be (-130)/(-11) + 2/11. List the prime factors of 2/(-6) + 76/o.
2, 3
Let v be (-140)/(-6) - 1/3. Suppose -5*u + 2*u - 40 = -x, 0 = 5*u + 4*x + 44. Let h = v + u. What are the prime factors of h?
11
Let q = -18 + 18. Suppose -4*j + 134 - 26 = q. What are the prime factors of j?
3
Suppose 0 = 4*k - 60 + 4. List the prime factors of (-4)/k + 715/77.
3
Suppose -4*q + 0*q + 5*f = -604, -3*q - 5*f + 418 = 0. List the prime factors of q.
2, 73
Let v(k) = k**3 - 3*k**2 + 2. Let b be v(3). Suppose -b*j = -0*j - 20. List the prime factors of 144/j + (-4)/10.
2, 7
Let n(p) = p**2 - 5*p - 2. Let j be n(-3). Suppose -163 + j = -5*f + v, -107 = -4*f - 5*v. List the prime factors of f.
2, 7
Let q(d) = -d**3 - 4*d**2 + 6*d - 4. Let w be q(-7). Let k = w - 68. Suppose 3*n + 0*p = -2*p + 23, -5*p + k = 4*n. What are the prime factors of n?
7
Let p = 23 - 40. Let g = 33 + p. What are the prime factors of g?
2
Let v(f) = f - 1. Let i be v(1). What are the prime factors of -21*((-8)/12 + i)?
2, 7
Let q(k) = k**3 + 4*k - 1. Let j be q(3). Suppose -28 = -2*s + 22. Suppose 3*c - 2*c - s = -3*w, -4*w + c = -j. List the prime factors of w.
3
Let d(v) be the third derivative of 0 + 3/2*v**3 + 1/24*v**4 - 1/60*v**5 - 2*v**2 + 0*v. What are the prime factors of d(0)?
3
Let j = 103 - 48. List the prime factors of j.
5, 11
Suppose 0 = -3*u + 192. What are the prime factors of u?
2
Suppose -36 = -5*z - 11. What are the prime factors of z?
5
Let h(n) = 33*n + 9. Let k(t) = 11*t + 3. Let d(m) = -3*h(m) + 8*k(m). Let v be d(-3). Suppose 2*g - 5*g = -v. What are the prime factors of g?
2, 5
Let a(l) = l**3 - 6*l**2 - 4. List the prime factors of a(7).
3, 5
Suppose -1 + 3 = 2*i. Suppose f - i = 3. Suppose f*w - 18 = 30. What are the prime factors of w?
2, 3
Suppose 2*u = 13 - 7. Suppose y = v + 36, 3*y - 4*v - 98 = -3*v. Suppose 4 = -u*l + y. What are the prime factors of l?
3
Let q = 12 - 5. Let h be q/3 - 2/(-3). Suppose h*v + 11 = 4*v. What are the prime factors of v?
11
Let y(h) = 23*h**2 - 5*h - 10. List the prime factors of y(-4).
2, 3, 7
Let t = 45 - 11. List the prime factors of t.
2, 17
Let k(m) = -m - 3. Let z(l) = -2*l**2 + 2*l - 3. Let v be z(2). What are the prime factors of k(v)?
2
Let s = -1 + 2. What are the prime factors of (-1 + 2)/(s/15)?
3, 5
Suppose -3*r + 0*r = 0. Suppose r = y - 2*y. Let g = 2 - y. What are the prime factors of g?
2
List the prime factors of 49 - (-1 + 0 + -2) - -3.
5, 11
Suppose 2*q = -m - 14 + 52, 143 = 4*m - q. Suppose -4*a - 4 = -m. What are the prime factors of a?
2
Let t = -3 - -8. Suppose -12 + t = -r. List the prime factors of r.
7
Let q(m) = m**3 - 4*m**2 - 4*m + 10. What are the prime factors of q(5)?
3, 5
Suppose -6*n - 3*q = -3*n - 117, 0 = -4*q - 8. List the prime factors of n.
41
Let t(m) = -320*m**3 + m**2 - 2*m - 2. List the prime factors of t(-1).
3, 107
Suppose s = 70 - 24. List the prime factors of s.
2, 23
Let u = 52 + 15. What are the prime factors of u?
67
Let b be ((-2)/(-6))/((-1)/3). List the prime factors of (6 + 2/b)*1.
2
Let c(b) = b**2 - 8*b + 8. Let i be c(7). What are the prime factors of (-130)/(-4) - i/(-2)?
3, 11
Suppose 0 = -2*d + 2 + 4. Let s = d - -5. List the prime factors of s/1 - (-4)/2.
2, 5
Suppose 91 = r + 2*h - 6*h, -h = -2*r + 182. What are the prime factors of r?
7, 13
Let p be (-33)/18 + (-3)/18. What are the prime factors of 1/((-10)/(-4) + p)?
2
Suppose 5*v - 5*f - 232 = 4*v, 4*f = -v + 259. List the prime factors of v.
13, 19
Let h(z) = -z**3 - 3*z**2 + 3*z. Let r be h(2). Let m be (-66)/r - 4/(-14). Suppose 2*s - m*s = -30. What are the prime factors of s?
2, 5
Suppose 4*b - 9 - 3 = 0. What are the prime factors of b*2/6 + 29?
2, 3, 5
Suppose 5*l + 5 = 6*l. Suppose -2 - 63 = l*g. Let m = 19 + g. What are the prime factors of m?
2, 3
Let d(o) = o + 2. Let z be (-2)/2 + 0 + 1. Let g be d(z). Suppose 12 = g*w - w. What are the prime factors of w?
2, 3
Let c(t) = t**3 - 4*t**2 + 2*t - 2. Let s(j) = -2*j - 3*j**2 + j**2 + 3*j**2 + 2*j**3 - 3*j**2. Let m be s(2). List the prime factors of c(m).
2, 3
Let m(w) be the third derivative of w**5/30 - w**4/6 + 2*w**2. Let g = 8 - 5. What are the prime factors of m(g)?
2, 3
Suppose -861 = 3*s - 10*s. List the prime factors of s.
3, 41
Suppose 0 = -5*u + 539 + 146. List the prime factors of u.
137
Let l(o) = 3*o**2 + 4*o - 1. List the prime factors of l(-4).
31
Let b = 47 - 30. Let j(d) = d - 11. Let u be j(4). Let g = u + b. What are the prime factors of g?
2, 5
Let y(q) be the second derivative of 0 - 1/2*q**2 + q + 3/2*q**3. What are the prime factors of y(1)?
2
Suppose 0*a = -5*a - 5*b + 185, 0 = -5*a + 2*b + 199. Suppose 6*o = 3*o - a. Let g = o + 18. What are the prime factors of g?
5
Let u(n) = 13*n + 19. List the prime factors of u(4).
71
Let d be 6/(-8)*(3 + 1). Let s = 7 + d. Suppose 5 = s*r - 27. List the prime factors of r.
2
Let h(k) = 3*k - 25. Let q be h(9). Suppose -2*p - c = 0, 2*c + 1 = 3*p - 13. Suppose p*v = -q*v + 60. What are the prime factors of v?
3, 5
Suppose -5*d + d + 24 = b, 4*b + 4*d = 36. Suppose -b*t + 5*y + 2 = -t, 0 = -2*t - 5*y + 43. What are the prime factors of t?
3
Let i = -113 + 201. What are the prime factors of i?
2, 11
Suppose 2*r - 5*f + 92 = 4*r, 5*f + 10 = 0. List the prime factors of r.
3, 17
Suppose -150 = -3*d - 2*d. List the prime factors of d.
2, 3, 5
Let l = -109 - -208. What are the prime factors of l?
3, 11
Let o = 31 + -15. What are the prime factors of o?
2
Suppose -z + 2*z = 1. List the prime factors of -1 + 32 + 1/z.
2
Let a = -128 + 464. What are the prime factors of a?
2, 3, 7
What are the prime factors of (4 + 3)*-1*(-11 + -1)?
2, 3, 7
Let c be 8/3 - 1/(-3). Let f(x) = -5*x - 1 + x**2 - x**2 + 8*x**2 + c*x. List the prime factors of f(-1).
3
Suppose -2*r - 8 + 28 = 0. List the prime factors of r.
2, 5
What are the prime factors of 2250/108 - (-1)/6?
3, 7
List the prime factors of ((-2)/(-8)*38)/(2/4).
19
Suppose 3*q + 0*q = 3, 39 = 2*s + 3*q. List the prime factors of s.
2, 3
Let s(f) = -f + 22. List the prime factors of s(-10).
2
Suppose -5*q - 324 = -11*q. What are the prime factors of q?
2, 3
Let s(q) = -3*q - 4 - 5*q + 3 + q**2. List the prime factors of s(9).
2
Let v(m) = m + 21. What are the prime factors of v(0)?
3, 7
Suppose 0 = -2*d - 11 + 45. Suppose 2*n + 3 = d. What are the prime factors of n?
7
Let b(x) = x + 3. Let n be b(4). Let u(k) = k**2 - 7*k. Let q be u(n). Suppose -7 = -w - a, q*w + 3*a = w - 7. List the prime factors of w.
7
Let m = -39 + 26. Let s = m - -28. List the prime factors of s.
3, 5
Let i = 51 + -81. Let p = -20 - i. List the prime factors of p.
2, 5
Let q(n) = -23*n + 21. What are the prime factors of q(-11)?
2, 137
Let o(i) = -29*i - 30. What are the prime factors of o(-5)?
5, 23
Let y(f) = 2*f**2 + 7*f + 6. Let c = -11 + 7. List the prime factors of y(c).
2, 5
Suppose 2*r + 4*w + 30 = -0*r, 0 = 5*w + 25. Let i = r + 9. Suppose -3*d + 5*m = -5, -i*d + 25 = m - 4*m. What are the prime factors of d?
2, 5
Let a(k) = k**2 - 9*k - 13